= -5*x + 87. Calculate the highest common divisor of x and m.
29
Let k be (1 - -2)*(-56)/6. Let s = k + 42. What is the greatest common divisor of s and 21?
7
Suppose -9*p + 96 = -5*p. Let k be (2 - -1) + p/(-3). Let x be k/(80/28)*-16. Calculate the highest common divisor of x and 4.
4
Suppose -24 = 4*y + 8. Let q = 2 - y. Let n = q + -7. What is the greatest common divisor of 1 and n?
1
Suppose d = 2*z - 42, -d + z = 4*d + 165. Let o be d/(-2*(3 - 2)). Suppose o = 2*c - 0. Calculate the highest common divisor of c and 20.
4
Let o(p) = p**2 + p + 5. Suppose 3*v + n = 4*n - 6, 0 = n - 2. Let b be o(v). Let h be (24/(-10))/(b/(-50)). What is the highest common divisor of 3 and h?
3
Let c(n) = 19*n + 223. Let z be c(-10). What is the highest common divisor of z and 264?
33
Suppose 8*b + 384 = -80. Let o be b/(-87) - (-52)/3. Calculate the highest common divisor of o and 144.
18
Let i be ((-4)/12)/((-2)/18). Suppose -79 + 1213 = i*l. Let a be (-12)/(-14)*l/2. What is the greatest common divisor of 18 and a?
18
Suppose -b - 504 = -5*z - 99, 0 = -4*z - 2*b + 310. Let g be 26 - (7 + (7 - 4)). What is the highest common factor of z and g?
16
Let q = 1338 + -366. Calculate the greatest common divisor of 12 and q.
12
Let y(z) = 3*z**3 - 3*z**2 - 10*z - 5. Let o be y(5). What is the greatest common factor of 98 and o?
49
Let s(a) = -40*a. Let o be s(-2). Suppose 5*c = 5*p - 410, 3*c = 5*p - 359 + 123. Let y = c + 119. What is the greatest common divisor of y and o?
16
Let l be 16/(-12) + (-1536)/(-18). Suppose -l + 20 = -2*n. Calculate the highest common factor of n and 4.
4
Suppose 1086*q + 1 = 1087*q. Calculate the highest common factor of q and 121.
1
Let j = -11 - -11. Let g(v) = -v**2 + 5*v + 85. Let f be g(j). Calculate the highest common factor of f and 17.
17
Let n = 0 - -3. Let m be (-1)/2*(n - 5). Let h be (0 + 4)*(3 - 1). What is the highest common divisor of m and h?
1
Let z be -15*((-14 - -13) + 0). Let a(u) = -6*u. Let t be a(-5). What is the highest common factor of z and t?
15
Let f(w) = -9*w + 13. Let s(r) = 5*r - 7. Let n(q) = 2*f(q) + 5*s(q). Let j be n(-9). Let i = j + 149. Calculate the highest common divisor of i and 11.
11
Suppose 6*z = -442 + 448. Calculate the greatest common divisor of 29 and z.
1
Let s = -21 + 25. Suppose -3*y - 3 = -r, -2*y = s*r - 4*y - 22. Let a be 15/5*220/r. What is the greatest common divisor of a and 22?
22
Let p(y) = -54*y + 150. Let c be p(-9). Calculate the highest common factor of c and 12.
12
Let q be (-10)/(-2)*(-3)/(-1). Suppose -5*u = 2*r + q - 40, u = 4*r - 83. What is the highest common divisor of r and 100?
20
Suppose 3*o + 5*r = 435, -o - 3*r + 441 = 2*o. Suppose 0 = 7*s - 2*s + 5*i - o, -5*i + 5 = 0. What is the greatest common factor of 116 and s?
29
Let i be (-138)/3*(-12)/(-8). Let d be (-5)/(3 - i/(-18)). What is the highest common factor of 27 and d?
3
Let p be (-6518)/(-6) - (49/21 - 2). What is the greatest common factor of p and 12?
6
Suppose -8*y - 166 = -574. What is the highest common divisor of 119 and y?
17
Let u be (7 - 3)*33/4. Let b(x) = -3*x + 18. Let f be b(5). What is the greatest common divisor of f and u?
3
Suppose -113 = -48*k + 31. Let x be -2*-2*1/4. Calculate the highest common divisor of k and x.
1
Suppose 2*x + 79 + 31 = -2*u, -4*x - 175 = -5*u. Let c = x + 65. Calculate the highest common factor of 15 and c.
15
Let k be -2*(-1 - 42/4). Let z be (62/93)/((4/1242)/1). Calculate the highest common divisor of k and z.
23
Let r(k) = 15*k**2 - 6*k - 4. Let y be r(7). Suppose -o = 4*o + 1795. Let x = y + o. Calculate the highest common factor of x and 30.
30
Let w be 0 + (-2 - (3 - -2)). Let p(n) = -2*n**3 + n**3 + 5*n - 3*n**2 - 2 - 5. Let j be p(w). What is the greatest common divisor of j and 14?
14
Let y = -139 - -381. Suppose -y = -12*d + 142. Calculate the greatest common factor of d and 16.
16
Let i be (24/16)/((-6)/20). Let z be (-3 - i)/((-5)/(-20)). What is the highest common factor of 8 and z?
8
Suppose 4*x = -t - 9 + 81, 2*x = t - 96. Suppose 9*q + t = 10*q. Let o = 23 - 12. Calculate the highest common divisor of o and q.
11
Let a be (-225)/(-100)*(0 - 24/(-2)). Calculate the greatest common divisor of a and 54.
27
Let n(d) = 2*d**2 + 7*d - 10. Let b be n(-7). What is the highest common divisor of 78 and b?
39
Suppose 4*h - 119 = -11. Suppose 24*l = h*l - 165. Calculate the highest common divisor of l and 5.
5
Let m(j) = j**2 + 8*j + 10. Let k be m(-8). Let s be 0*(-3)/(-9) + k. Let f be (150/(-18))/((-3)/((-9)/(-1))). Calculate the greatest common divisor of f and s.
5
Suppose -5*i - 5*z + 30 = 0, 6*i - 3 = 4*i + z. Calculate the greatest common factor of i and 12.
3
Let i = -112 - -167. Let s be ((-5)/(-3))/(i/198). Let a be 2/((-7)/((-1365)/s)). What is the greatest common factor of a and 26?
13
Let x(m) = m**3 - 11*m**2 - 12*m + 4. Let f be x(12). Let p(n) = 26*n - 14. Let u be p(f). What is the greatest common divisor of 18 and u?
18
Suppose 4*c = 9 - 13, 0 = -b + 2*c + 113. What is the highest common factor of 407 and b?
37
Suppose -47 = -2*y + 7. Let m = y - 25. What is the highest common divisor of m and 18?
2
Let o be 18/(-4)*(-8)/12. Suppose o*s = -3*l + 2*l + 17, s = -5*l + 15. Let u be 0 + 8/3*3. What is the highest common factor of u and l?
2
Let v(l) = l**2 + 4*l - 4. Let f be v(-7). Suppose -f*z - 12 = -20*z. Calculate the highest common divisor of 6 and z.
2
Suppose -2*b = -0*b + 3*y - 95, -4*b - 5*y + 189 = 0. Let l = 48 + 90. Calculate the highest common factor of b and l.
46
Suppose -2*y - 5*r = -214, 2*y - r - 4*r = 254. What is the highest common factor of 39 and y?
39
Let o(b) = -b**3 + 11*b**2 - 11*b + 10. Let v be o(5). Calculate the greatest common factor of 45 and v.
15
Suppose -14*z + 619 + 221 = 0. Calculate the highest common factor of 270 and z.
30
Let c(h) = -2*h + 3. Let k be c(5). Let m be 22/(-12) + k/42. Let b be (-6)/m - -4 - -3. Calculate the greatest common divisor of 10 and b.
10
Suppose q + 159 = 178. What is the greatest common divisor of q and 1539?
19
Let v(c) = -c - 1. Let r be v(-5). Let i = 3816 - 3808. Calculate the highest common divisor of r and i.
4
Let z = -558 + 374. Let n be (-14)/63 - z/18. Calculate the highest common factor of 100 and n.
10
Let j be 1/9*6*264. What is the highest common divisor of j and 112?
16
Suppose -f - 3*f + 388 = 0. Suppose -d = -1, 2*i + 0*d = -d + f. What is the highest common divisor of 72 and i?
24
Let r(k) = -k**2 + 8*k + 11. Let o be r(7). Calculate the highest common factor of o and 207.
9
Let h be ((-4)/10)/(3/(-360)). Let o(q) = 2*q + 2. Let p be o(5). What is the highest common factor of p and h?
12
Let u(n) = 4*n + 48. Let j be (-10 - 4/(0 - 4))*-1. Let v be u(j). What is the highest common divisor of v and 36?
12
Let d be 8 - 7 - 3 - -13. Calculate the highest common factor of d and 143.
11
Suppose 4*n = -2*b + 46, -2*b = 5*n - 7*b - 20. Let x = n - -15. Let g = -67 + 103. Calculate the greatest common divisor of g and x.
12
Let j = 2019 - 1544. Calculate the highest common factor of 75 and j.
25
Suppose 0 = -3*i + 281 + 160. What is the highest common divisor of i and 49?
49
Let a = 306 - 206. What is the greatest common divisor of a and 75?
25
Suppose 3*x + 4*t + 25 = 8*x, -60 = -5*x - 3*t. Let d be (-10)/(-4)*(2/10 + 1). Let y be (-2)/(-4)*0 + d. What is the highest common divisor of y and x?
3
Let i = 29 + -27. Suppose -5*y = -i*y - 96. What is the highest common divisor of 16 and y?
16
Let t = 486 + -333. Calculate the highest common factor of 81 and t.
9
Let q be 18/2 + (9 - 8). Suppose q = m - a - 17, m = -4*a + 32. Calculate the highest common divisor of m and 7.
7
Let f = -11 + 19. Let j(z) = z**2 - 9*z + 5. Let w be j(f). Let g be 11/((-3)/54*w). What is the highest common factor of g and 22?
22
Suppose 2*k + 182 = 802. Let b = 149 + -144. Suppose -b*a - 70 = -k. What is the highest common divisor of a and 16?
16
Let m(t) = -2*t**3 - t**2 + 2*t + 7. Let x be m(0). Suppose -s = 3*s - 8. Let y be 38/2 + 1*s. Calculate the highest common factor of x and y.
7
Let r be 6/(-33) + (-1278)/(-11). Let w = 263 - r. Let a = w - 102. Calculate the highest common factor of a and 15.
15
Suppose 8*j + 1 = 17. Let g be (0 + -2)/(1/j) - -37. Calculate the greatest commo